{"id":305,"date":"2020-12-01T12:21:55","date_gmt":"2020-12-01T12:21:55","guid":{"rendered":"https:\/\/www.cssigniter.com\/demos\/amaryllis\/?post_type=product&#038;p=34"},"modified":"2025-08-07T08:06:58","modified_gmt":"2025-08-07T08:06:58","slug":"sample-product-002","status":"publish","type":"product","link":"https:\/\/dulio.vn\/?product=sample-product-002","title":{"rendered":"\u00c1O BLUR BRAND \u0110EN"},"content":{"rendered":"","protected":false},"excerpt":{"rendered":"<h4>Chi\u1ebfc \u00e1o tr\u1eafng n\u00e0y mang \u0111\u1ebfn m\u1ed9t phong c\u00e1ch n\u0103ng \u0111\u1ed9ng v\u1edbi thi\u1ebft k\u1ebf ch\u1eef in &#8220;DULIOCREW&#8221; v\u00e0 &#8220;THEDULIO\u00ae&#8221; \u0111\u01b0\u1ee3c th\u1ec3 hi\u1ec7n theo ki\u1ec3u c\u00e1ch \u0111i\u1ec7u, t\u1ea1o c\u1ea3m gi\u00e1c chuy\u1ec3n \u0111\u1ed9ng m\u1ea1nh m\u1ebd. Ch\u1ea5t li\u1ec7u v\u1ea3i m\u1ec1m m\u1ea1i, tho\u00e1ng kh\u00ed mang l\u1ea1i s\u1ef1 tho\u1ea3i m\u00e1i cho ng\u01b0\u1eddi m\u1eb7c, ph\u00f9 h\u1ee3p cho nhi\u1ec1u ho\u1ea1t \u0111\u1ed9ng th\u01b0\u1eddng ng\u00e0y. V\u1edbi thi\u1ebft k\u1ebf \u0111\u01a1n gi\u1ea3n nh\u01b0ng n\u1ed5i b\u1eadt, chi\u1ebfc \u00e1o d\u1ec5 d\u00e0ng ph\u1ed1i h\u1ee3p v\u1edbi qu\u1ea7n jeans, shorts ho\u1eb7c ch\u00e2n v\u00e1y, th\u00edch h\u1ee3p cho c\u00e1c bu\u1ed5i \u0111i ch\u01a1i hay d\u1ea1o ph\u1ed1. \u0110\u00e2y l\u00e0 m\u1ed9t m\u00f3n \u0111\u1ed3 kh\u00f4ng th\u1ec3 thi\u1ebfu cho nh\u1eefng ai y\u00eau th\u00edch phong c\u00e1ch tr\u1ebb trung v\u00e0 kh\u00e1c bi\u1ec7t.<\/h4>\n<h4>\u2022 100% Cotton<br \/>\n\u2022 Relaxed\/Loose Fit<br \/>\n\u2022 H\u1ecda ti\u1ebft m\u1edd \u1ea3o<\/h4>\n","protected":false},"featured_media":401,"comment_status":"open","ping_status":"closed","template":"","meta":{"inline_featured_image":false},"product_brand":[],"product_cat":[22,20,33],"product_tag":[],"class_list":{"0":"post-305","1":"product","2":"type-product","3":"status-publish","4":"has-post-thumbnail","6":"product_cat-ao-thun","7":"product_cat-shop-all","8":"product_cat-tops","10":"first","11":"instock","12":"shipping-taxable","13":"purchasable","14":"product-type-variable"},"yoast_head":"<!-- This site is optimized with the Yoast SEO plugin v25.6 - https:\/\/yoast.com\/wordpress\/plugins\/seo\/ -->\n<title>\u00c1O BLUR BRAND \u0110EN - DULIO - Made Yours<\/title>\n<meta name=\"robots\" content=\"index, follow, max-snippet:-1, max-image-preview:large, max-video-preview:-1\" \/>\n<link rel=\"canonical\" href=\"https:\/\/dulio.vn\/?product=sample-product-002\" \/>\n<meta property=\"og:locale\" content=\"en_US\" \/>\n<meta property=\"og:type\" content=\"article\" \/>\n<meta property=\"og:title\" content=\"\u00c1O BLUR BRAND \u0110EN - DULIO - Made Yours\" \/>\n<meta property=\"og:description\" content=\"Chi\u1ebfc \u00e1o tr\u1eafng n\u00e0y mang \u0111\u1ebfn m\u1ed9t phong c\u00e1ch n\u0103ng \u0111\u1ed9ng v\u1edbi thi\u1ebft k\u1ebf ch\u1eef in &quot;DULIOCREW&quot; v\u00e0 &quot;THEDULIO\u00ae&quot; \u0111\u01b0\u1ee3c th\u1ec3 hi\u1ec7n theo ki\u1ec3u c\u00e1ch \u0111i\u1ec7u, t\u1ea1o c\u1ea3m gi\u00e1c chuy\u1ec3n \u0111\u1ed9ng m\u1ea1nh m\u1ebd. Ch\u1ea5t li\u1ec7u v\u1ea3i m\u1ec1m m\u1ea1i, tho\u00e1ng kh\u00ed mang l\u1ea1i s\u1ef1 tho\u1ea3i m\u00e1i cho ng\u01b0\u1eddi m\u1eb7c, ph\u00f9 h\u1ee3p cho nhi\u1ec1u ho\u1ea1t \u0111\u1ed9ng th\u01b0\u1eddng ng\u00e0y. V\u1edbi thi\u1ebft k\u1ebf \u0111\u01a1n gi\u1ea3n nh\u01b0ng n\u1ed5i b\u1eadt, chi\u1ebfc \u00e1o d\u1ec5 d\u00e0ng ph\u1ed1i h\u1ee3p v\u1edbi qu\u1ea7n jeans, shorts ho\u1eb7c ch\u00e2n v\u00e1y, th\u00edch h\u1ee3p cho c\u00e1c bu\u1ed5i \u0111i ch\u01a1i hay d\u1ea1o ph\u1ed1. \u0110\u00e2y l\u00e0 m\u1ed9t m\u00f3n \u0111\u1ed3 kh\u00f4ng th\u1ec3 thi\u1ebfu cho nh\u1eefng ai y\u00eau th\u00edch phong c\u00e1ch tr\u1ebb trung v\u00e0 kh\u00e1c bi\u1ec7t. \u2022 100% Cotton \u2022 Relaxed\/Loose Fit \u2022 H\u1ecda ti\u1ebft m\u1edd \u1ea3o\" \/>\n<meta property=\"og:url\" content=\"https:\/\/dulio.vn\/?product=sample-product-002\" \/>\n<meta property=\"og:site_name\" content=\"DULIO - Made Yours\" \/>\n<meta property=\"article:modified_time\" content=\"2025-08-07T08:06:58+00:00\" \/>\n<meta property=\"og:image\" content=\"https:\/\/dulio.vn\/wp-content\/uploads\/2025\/08\/blur-back-black.png\" \/>\n\t<meta property=\"og:image:width\" content=\"2000\" \/>\n\t<meta property=\"og:image:height\" content=\"1596\" \/>\n\t<meta property=\"og:image:type\" content=\"image\/png\" \/>\n<meta name=\"twitter:card\" content=\"summary_large_image\" \/>\n<meta name=\"twitter:label1\" content=\"Est. reading time\" \/>\n\t<meta name=\"twitter:data1\" content=\"1 minute\" \/>\n<script type=\"application\/ld+json\" class=\"yoast-schema-graph\">{\"@context\":\"https:\/\/schema.org\",\"@graph\":[{\"@type\":\"WebPage\",\"@id\":\"https:\/\/dulio.vn\/?product=sample-product-002\",\"url\":\"https:\/\/dulio.vn\/?product=sample-product-002\",\"name\":\"\u00c1O BLUR BRAND \u0110EN - DULIO - Made Yours\",\"isPartOf\":{\"@id\":\"https:\/\/dulio.vn\/#website\"},\"primaryImageOfPage\":{\"@id\":\"https:\/\/dulio.vn\/?product=sample-product-002#primaryimage\"},\"image\":{\"@id\":\"https:\/\/dulio.vn\/?product=sample-product-002#primaryimage\"},\"thumbnailUrl\":\"https:\/\/dulio.vn\/wp-content\/uploads\/2025\/08\/blur-back-black.png\",\"datePublished\":\"2020-12-01T12:21:55+00:00\",\"dateModified\":\"2025-08-07T08:06:58+00:00\",\"breadcrumb\":{\"@id\":\"https:\/\/dulio.vn\/?product=sample-product-002#breadcrumb\"},\"inLanguage\":\"en-US\",\"potentialAction\":[{\"@type\":\"ReadAction\",\"target\":[\"https:\/\/dulio.vn\/?product=sample-product-002\"]}]},{\"@type\":\"ImageObject\",\"inLanguage\":\"en-US\",\"@id\":\"https:\/\/dulio.vn\/?product=sample-product-002#primaryimage\",\"url\":\"https:\/\/dulio.vn\/wp-content\/uploads\/2025\/08\/blur-back-black.png\",\"contentUrl\":\"https:\/\/dulio.vn\/wp-content\/uploads\/2025\/08\/blur-back-black.png\",\"width\":2000,\"height\":1596},{\"@type\":\"BreadcrumbList\",\"@id\":\"https:\/\/dulio.vn\/?product=sample-product-002#breadcrumb\",\"itemListElement\":[{\"@type\":\"ListItem\",\"position\":1,\"name\":\"Home\",\"item\":\"https:\/\/dulio.vn\/\"},{\"@type\":\"ListItem\",\"position\":2,\"name\":\"Shop\",\"item\":\"https:\/\/dulio.vn\/?page_id=8\"},{\"@type\":\"ListItem\",\"position\":3,\"name\":\"\u00c1O BLUR BRAND \u0110EN\"}]},{\"@type\":\"WebSite\",\"@id\":\"https:\/\/dulio.vn\/#website\",\"url\":\"https:\/\/dulio.vn\/\",\"name\":\"DULIO - Made Yours\",\"description\":\"Dulio, dulio, DULIO\",\"publisher\":{\"@id\":\"https:\/\/dulio.vn\/#organization\"},\"potentialAction\":[{\"@type\":\"SearchAction\",\"target\":{\"@type\":\"EntryPoint\",\"urlTemplate\":\"https:\/\/dulio.vn\/?s={search_term_string}\"},\"query-input\":{\"@type\":\"PropertyValueSpecification\",\"valueRequired\":true,\"valueName\":\"search_term_string\"}}],\"inLanguage\":\"en-US\"},{\"@type\":\"Organization\",\"@id\":\"https:\/\/dulio.vn\/#organization\",\"name\":\"DULIO - Made Yours\",\"url\":\"https:\/\/dulio.vn\/\",\"logo\":{\"@type\":\"ImageObject\",\"inLanguage\":\"en-US\",\"@id\":\"https:\/\/dulio.vn\/#\/schema\/logo\/image\/\",\"url\":\"https:\/\/dulio.vn\/wp-content\/uploads\/2025\/08\/cropped-okok.png\",\"contentUrl\":\"https:\/\/dulio.vn\/wp-content\/uploads\/2025\/08\/cropped-okok.png\",\"width\":1844,\"height\":460,\"caption\":\"DULIO - Made Yours\"},\"image\":{\"@id\":\"https:\/\/dulio.vn\/#\/schema\/logo\/image\/\"}}]}<\/script>\n<!-- \/ Yoast SEO plugin. -->","yoast_head_json":{"title":"\u00c1O BLUR BRAND \u0110EN - DULIO - Made Yours","robots":{"index":"index","follow":"follow","max-snippet":"max-snippet:-1","max-image-preview":"max-image-preview:large","max-video-preview":"max-video-preview:-1"},"canonical":"https:\/\/dulio.vn\/?product=sample-product-002","og_locale":"en_US","og_type":"article","og_title":"\u00c1O BLUR BRAND \u0110EN - DULIO - Made Yours","og_description":"Chi\u1ebfc \u00e1o tr\u1eafng n\u00e0y mang \u0111\u1ebfn m\u1ed9t phong c\u00e1ch n\u0103ng \u0111\u1ed9ng v\u1edbi thi\u1ebft k\u1ebf ch\u1eef in \"DULIOCREW\" v\u00e0 \"THEDULIO\u00ae\" \u0111\u01b0\u1ee3c th\u1ec3 hi\u1ec7n theo ki\u1ec3u c\u00e1ch \u0111i\u1ec7u, t\u1ea1o c\u1ea3m gi\u00e1c chuy\u1ec3n \u0111\u1ed9ng m\u1ea1nh m\u1ebd. Ch\u1ea5t li\u1ec7u v\u1ea3i m\u1ec1m m\u1ea1i, tho\u00e1ng kh\u00ed mang l\u1ea1i s\u1ef1 tho\u1ea3i m\u00e1i cho ng\u01b0\u1eddi m\u1eb7c, ph\u00f9 h\u1ee3p cho nhi\u1ec1u ho\u1ea1t \u0111\u1ed9ng th\u01b0\u1eddng ng\u00e0y. V\u1edbi thi\u1ebft k\u1ebf \u0111\u01a1n gi\u1ea3n nh\u01b0ng n\u1ed5i b\u1eadt, chi\u1ebfc \u00e1o d\u1ec5 d\u00e0ng ph\u1ed1i h\u1ee3p v\u1edbi qu\u1ea7n jeans, shorts ho\u1eb7c ch\u00e2n v\u00e1y, th\u00edch h\u1ee3p cho c\u00e1c bu\u1ed5i \u0111i ch\u01a1i hay d\u1ea1o ph\u1ed1. \u0110\u00e2y l\u00e0 m\u1ed9t m\u00f3n \u0111\u1ed3 kh\u00f4ng th\u1ec3 thi\u1ebfu cho nh\u1eefng ai y\u00eau th\u00edch phong c\u00e1ch tr\u1ebb trung v\u00e0 kh\u00e1c bi\u1ec7t. \u2022 100% Cotton \u2022 Relaxed\/Loose Fit \u2022 H\u1ecda ti\u1ebft m\u1edd \u1ea3o","og_url":"https:\/\/dulio.vn\/?product=sample-product-002","og_site_name":"DULIO - Made Yours","article_modified_time":"2025-08-07T08:06:58+00:00","og_image":[{"width":2000,"height":1596,"url":"https:\/\/dulio.vn\/wp-content\/uploads\/2025\/08\/blur-back-black.png","type":"image\/png"}],"twitter_card":"summary_large_image","twitter_misc":{"Est. reading time":"1 minute"},"schema":{"@context":"https:\/\/schema.org","@graph":[{"@type":"WebPage","@id":"https:\/\/dulio.vn\/?product=sample-product-002","url":"https:\/\/dulio.vn\/?product=sample-product-002","name":"\u00c1O BLUR BRAND \u0110EN - DULIO - Made Yours","isPartOf":{"@id":"https:\/\/dulio.vn\/#website"},"primaryImageOfPage":{"@id":"https:\/\/dulio.vn\/?product=sample-product-002#primaryimage"},"image":{"@id":"https:\/\/dulio.vn\/?product=sample-product-002#primaryimage"},"thumbnailUrl":"https:\/\/dulio.vn\/wp-content\/uploads\/2025\/08\/blur-back-black.png","datePublished":"2020-12-01T12:21:55+00:00","dateModified":"2025-08-07T08:06:58+00:00","breadcrumb":{"@id":"https:\/\/dulio.vn\/?product=sample-product-002#breadcrumb"},"inLanguage":"en-US","potentialAction":[{"@type":"ReadAction","target":["https:\/\/dulio.vn\/?product=sample-product-002"]}]},{"@type":"ImageObject","inLanguage":"en-US","@id":"https:\/\/dulio.vn\/?product=sample-product-002#primaryimage","url":"https:\/\/dulio.vn\/wp-content\/uploads\/2025\/08\/blur-back-black.png","contentUrl":"https:\/\/dulio.vn\/wp-content\/uploads\/2025\/08\/blur-back-black.png","width":2000,"height":1596},{"@type":"BreadcrumbList","@id":"https:\/\/dulio.vn\/?product=sample-product-002#breadcrumb","itemListElement":[{"@type":"ListItem","position":1,"name":"Home","item":"https:\/\/dulio.vn\/"},{"@type":"ListItem","position":2,"name":"Shop","item":"https:\/\/dulio.vn\/?page_id=8"},{"@type":"ListItem","position":3,"name":"\u00c1O BLUR BRAND \u0110EN"}]},{"@type":"WebSite","@id":"https:\/\/dulio.vn\/#website","url":"https:\/\/dulio.vn\/","name":"DULIO - Made Yours","description":"Dulio, dulio, DULIO","publisher":{"@id":"https:\/\/dulio.vn\/#organization"},"potentialAction":[{"@type":"SearchAction","target":{"@type":"EntryPoint","urlTemplate":"https:\/\/dulio.vn\/?s={search_term_string}"},"query-input":{"@type":"PropertyValueSpecification","valueRequired":true,"valueName":"search_term_string"}}],"inLanguage":"en-US"},{"@type":"Organization","@id":"https:\/\/dulio.vn\/#organization","name":"DULIO - Made Yours","url":"https:\/\/dulio.vn\/","logo":{"@type":"ImageObject","inLanguage":"en-US","@id":"https:\/\/dulio.vn\/#\/schema\/logo\/image\/","url":"https:\/\/dulio.vn\/wp-content\/uploads\/2025\/08\/cropped-okok.png","contentUrl":"https:\/\/dulio.vn\/wp-content\/uploads\/2025\/08\/cropped-okok.png","width":1844,"height":460,"caption":"DULIO - Made Yours"},"image":{"@id":"https:\/\/dulio.vn\/#\/schema\/logo\/image\/"}}]}},"_links":{"self":[{"href":"https:\/\/dulio.vn\/index.php?rest_route=\/wp\/v2\/product\/305","targetHints":{"allow":["GET"]}}],"collection":[{"href":"https:\/\/dulio.vn\/index.php?rest_route=\/wp\/v2\/product"}],"about":[{"href":"https:\/\/dulio.vn\/index.php?rest_route=\/wp\/v2\/types\/product"}],"replies":[{"embeddable":true,"href":"https:\/\/dulio.vn\/index.php?rest_route=%2Fwp%2Fv2%2Fcomments&post=305"}],"wp:featuredmedia":[{"embeddable":true,"href":"https:\/\/dulio.vn\/index.php?rest_route=\/wp\/v2\/media\/401"}],"wp:attachment":[{"href":"https:\/\/dulio.vn\/index.php?rest_route=%2Fwp%2Fv2%2Fmedia&parent=305"}],"wp:term":[{"taxonomy":"product_brand","embeddable":true,"href":"https:\/\/dulio.vn\/index.php?rest_route=%2Fwp%2Fv2%2Fproduct_brand&post=305"},{"taxonomy":"product_cat","embeddable":true,"href":"https:\/\/dulio.vn\/index.php?rest_route=%2Fwp%2Fv2%2Fproduct_cat&post=305"},{"taxonomy":"product_tag","embeddable":true,"href":"https:\/\/dulio.vn\/index.php?rest_route=%2Fwp%2Fv2%2Fproduct_tag&post=305"}],"curies":[{"name":"wp","href":"https:\/\/api.w.org\/{rel}","templated":true}]}}