{"id":308,"date":"2020-12-02T09:26:41","date_gmt":"2020-12-02T09:26:41","guid":{"rendered":"https:\/\/www.cssigniter.com\/demos\/amaryllis\/?post_type=product&#038;p=45"},"modified":"2025-08-07T08:06:13","modified_gmt":"2025-08-07T08:06:13","slug":"sample-product-005","status":"publish","type":"product","link":"https:\/\/dulio.vn\/?product=sample-product-005","title":{"rendered":"\u00c1O FLOW"},"content":{"rendered":"","protected":false},"excerpt":{"rendered":"<h4>\u0110\u1eafm ch\u00ecm trong s\u1ef1 t\u01b0\u01a1i m\u1edbi c\u1ee7a b\u1ea7u tr\u1eddi v\u00e0 n\u00e9t ngh\u1ec7 thu\u1eadt \u0111\u01b0\u1eddng ph\u1ed1 \u0111\u1ea7y ng\u1eabu h\u1ee9ng v\u1edbi chi\u1ebfc \u00e1o thun xanh nh\u1ea1t n\u00e0y. \u0110i\u1ec3m nh\u1ea5n l\u00e0 <b>h\u00ecnh v\u1ebd graffiti m\u00e0u v\u00e0ng r\u1ef1c r\u1ee1<\/b>, t\u1ef1a nh\u01b0 m\u1ed9t t\u00e1c ph\u1ea9m ngh\u1ec7 thu\u1eadt \u0111\u01b0\u1ee3c ph\u00e1c h\u1ecda ng\u1eabu h\u1ee9ng tr\u00ean n\u1ec1n tr\u1eddi xanh, th\u1ec3 hi\u1ec7n s\u1ef1 t\u1ef1 do v\u00e0 c\u00e1 t\u00ednh kh\u00f4ng gi\u1edbi h\u1ea1n. V\u1edbi d\u00f2ng ch\u1eef &#8220;DULIO&#8221; kh\u1eb3ng \u0111\u1ecbnh th\u01b0\u01a1ng hi\u1ec7u, chi\u1ebfc \u00e1o n\u00e0y kh\u00f4ng ch\u1ec9 l\u00e0 m\u1ed9t item th\u1eddi trang m\u00e0 c\u00f2n l\u00e0 l\u1eddi tuy\u00ean ng\u00f4n v\u1ec1 <b>tinh th\u1ea7n tr\u1ebb trung, n\u0103ng \u0111\u1ed9ng v\u00e0 d\u00e1m kh\u00e1c bi\u1ec7t<\/b>.<\/h4>\n<h4>\u2022 100% Cotton<br \/>\n\u2022 Relaxed\/Loose Fit<br \/>\n\u2022 T\u00ean th\u01b0\u01a1ng hi\u1ec7u thi\u1ebft k\u1ebf \u0111i\u1ec7u \u0111\u00e0<br \/>\n\u2022 Hi\u1ec7u \u1ee9ng n\u1ed5i<\/h4>\n","protected":false},"featured_media":393,"comment_status":"open","ping_status":"closed","template":"","meta":{"inline_featured_image":false},"product_brand":[],"product_cat":[22,20,33],"product_tag":[],"class_list":{"0":"post-308","1":"product","2":"type-product","3":"status-publish","4":"has-post-thumbnail","6":"product_cat-ao-thun","7":"product_cat-shop-all","8":"product_cat-tops","10":"first","11":"instock","12":"shipping-taxable","13":"purchasable","14":"product-type-variable"},"yoast_head":"<!-- This site is optimized with the Yoast SEO plugin v25.6 - https:\/\/yoast.com\/wordpress\/plugins\/seo\/ -->\n<title>\u00c1O FLOW - DULIO - Made Yours<\/title>\n<meta name=\"robots\" content=\"index, follow, max-snippet:-1, max-image-preview:large, max-video-preview:-1\" \/>\n<link rel=\"canonical\" href=\"https:\/\/dulio.vn\/?product=sample-product-005\" \/>\n<meta property=\"og:locale\" content=\"en_US\" \/>\n<meta property=\"og:type\" content=\"article\" \/>\n<meta property=\"og:title\" content=\"\u00c1O FLOW - DULIO - Made Yours\" \/>\n<meta property=\"og:description\" content=\"\u0110\u1eafm ch\u00ecm trong s\u1ef1 t\u01b0\u01a1i m\u1edbi c\u1ee7a b\u1ea7u tr\u1eddi v\u00e0 n\u00e9t ngh\u1ec7 thu\u1eadt \u0111\u01b0\u1eddng ph\u1ed1 \u0111\u1ea7y ng\u1eabu h\u1ee9ng v\u1edbi chi\u1ebfc \u00e1o thun xanh nh\u1ea1t n\u00e0y. \u0110i\u1ec3m nh\u1ea5n l\u00e0 h\u00ecnh v\u1ebd graffiti m\u00e0u v\u00e0ng r\u1ef1c r\u1ee1, t\u1ef1a nh\u01b0 m\u1ed9t t\u00e1c ph\u1ea9m ngh\u1ec7 thu\u1eadt \u0111\u01b0\u1ee3c ph\u00e1c h\u1ecda ng\u1eabu h\u1ee9ng tr\u00ean n\u1ec1n tr\u1eddi xanh, th\u1ec3 hi\u1ec7n s\u1ef1 t\u1ef1 do v\u00e0 c\u00e1 t\u00ednh kh\u00f4ng gi\u1edbi h\u1ea1n. V\u1edbi d\u00f2ng ch\u1eef &quot;DULIO&quot; kh\u1eb3ng \u0111\u1ecbnh th\u01b0\u01a1ng hi\u1ec7u, chi\u1ebfc \u00e1o n\u00e0y kh\u00f4ng ch\u1ec9 l\u00e0 m\u1ed9t item th\u1eddi trang m\u00e0 c\u00f2n l\u00e0 l\u1eddi tuy\u00ean ng\u00f4n v\u1ec1 tinh th\u1ea7n tr\u1ebb trung, n\u0103ng \u0111\u1ed9ng v\u00e0 d\u00e1m kh\u00e1c bi\u1ec7t. \u2022 100% Cotton \u2022 Relaxed\/Loose Fit \u2022 T\u00ean th\u01b0\u01a1ng hi\u1ec7u thi\u1ebft k\u1ebf \u0111i\u1ec7u \u0111\u00e0 \u2022 Hi\u1ec7u \u1ee9ng n\u1ed5i\" \/>\n<meta property=\"og:url\" content=\"https:\/\/dulio.vn\/?product=sample-product-005\" \/>\n<meta property=\"og:site_name\" content=\"DULIO - Made Yours\" \/>\n<meta property=\"article:modified_time\" content=\"2025-08-07T08:06:13+00:00\" \/>\n<meta property=\"og:image\" content=\"https:\/\/dulio.vn\/wp-content\/uploads\/2025\/08\/dulioking-front-lightblue.png\" \/>\n\t<meta property=\"og:image:width\" content=\"2000\" \/>\n\t<meta property=\"og:image:height\" content=\"1595\" \/>\n\t<meta property=\"og:image:type\" content=\"image\/png\" \/>\n<meta name=\"twitter:card\" content=\"summary_large_image\" \/>\n<meta name=\"twitter:label1\" content=\"Est. reading time\" \/>\n\t<meta name=\"twitter:data1\" content=\"1 minute\" \/>\n<script type=\"application\/ld+json\" class=\"yoast-schema-graph\">{\"@context\":\"https:\/\/schema.org\",\"@graph\":[{\"@type\":\"WebPage\",\"@id\":\"https:\/\/dulio.vn\/?product=sample-product-005\",\"url\":\"https:\/\/dulio.vn\/?product=sample-product-005\",\"name\":\"\u00c1O FLOW - DULIO - Made Yours\",\"isPartOf\":{\"@id\":\"https:\/\/dulio.vn\/#website\"},\"primaryImageOfPage\":{\"@id\":\"https:\/\/dulio.vn\/?product=sample-product-005#primaryimage\"},\"image\":{\"@id\":\"https:\/\/dulio.vn\/?product=sample-product-005#primaryimage\"},\"thumbnailUrl\":\"https:\/\/dulio.vn\/wp-content\/uploads\/2025\/08\/dulioking-front-lightblue.png\",\"datePublished\":\"2020-12-02T09:26:41+00:00\",\"dateModified\":\"2025-08-07T08:06:13+00:00\",\"breadcrumb\":{\"@id\":\"https:\/\/dulio.vn\/?product=sample-product-005#breadcrumb\"},\"inLanguage\":\"en-US\",\"potentialAction\":[{\"@type\":\"ReadAction\",\"target\":[\"https:\/\/dulio.vn\/?product=sample-product-005\"]}]},{\"@type\":\"ImageObject\",\"inLanguage\":\"en-US\",\"@id\":\"https:\/\/dulio.vn\/?product=sample-product-005#primaryimage\",\"url\":\"https:\/\/dulio.vn\/wp-content\/uploads\/2025\/08\/dulioking-front-lightblue.png\",\"contentUrl\":\"https:\/\/dulio.vn\/wp-content\/uploads\/2025\/08\/dulioking-front-lightblue.png\",\"width\":2000,\"height\":1595},{\"@type\":\"BreadcrumbList\",\"@id\":\"https:\/\/dulio.vn\/?product=sample-product-005#breadcrumb\",\"itemListElement\":[{\"@type\":\"ListItem\",\"position\":1,\"name\":\"Home\",\"item\":\"https:\/\/dulio.vn\/\"},{\"@type\":\"ListItem\",\"position\":2,\"name\":\"Shop\",\"item\":\"https:\/\/dulio.vn\/?page_id=8\"},{\"@type\":\"ListItem\",\"position\":3,\"name\":\"\u00c1O FLOW\"}]},{\"@type\":\"WebSite\",\"@id\":\"https:\/\/dulio.vn\/#website\",\"url\":\"https:\/\/dulio.vn\/\",\"name\":\"DULIO - Made Yours\",\"description\":\"Dulio, dulio, DULIO\",\"publisher\":{\"@id\":\"https:\/\/dulio.vn\/#organization\"},\"potentialAction\":[{\"@type\":\"SearchAction\",\"target\":{\"@type\":\"EntryPoint\",\"urlTemplate\":\"https:\/\/dulio.vn\/?s={search_term_string}\"},\"query-input\":{\"@type\":\"PropertyValueSpecification\",\"valueRequired\":true,\"valueName\":\"search_term_string\"}}],\"inLanguage\":\"en-US\"},{\"@type\":\"Organization\",\"@id\":\"https:\/\/dulio.vn\/#organization\",\"name\":\"DULIO - Made Yours\",\"url\":\"https:\/\/dulio.vn\/\",\"logo\":{\"@type\":\"ImageObject\",\"inLanguage\":\"en-US\",\"@id\":\"https:\/\/dulio.vn\/#\/schema\/logo\/image\/\",\"url\":\"https:\/\/dulio.vn\/wp-content\/uploads\/2025\/08\/cropped-okok.png\",\"contentUrl\":\"https:\/\/dulio.vn\/wp-content\/uploads\/2025\/08\/cropped-okok.png\",\"width\":1844,\"height\":460,\"caption\":\"DULIO - Made Yours\"},\"image\":{\"@id\":\"https:\/\/dulio.vn\/#\/schema\/logo\/image\/\"}}]}<\/script>\n<!-- \/ Yoast SEO plugin. -->","yoast_head_json":{"title":"\u00c1O FLOW - DULIO - Made Yours","robots":{"index":"index","follow":"follow","max-snippet":"max-snippet:-1","max-image-preview":"max-image-preview:large","max-video-preview":"max-video-preview:-1"},"canonical":"https:\/\/dulio.vn\/?product=sample-product-005","og_locale":"en_US","og_type":"article","og_title":"\u00c1O FLOW - DULIO - Made Yours","og_description":"\u0110\u1eafm ch\u00ecm trong s\u1ef1 t\u01b0\u01a1i m\u1edbi c\u1ee7a b\u1ea7u tr\u1eddi v\u00e0 n\u00e9t ngh\u1ec7 thu\u1eadt \u0111\u01b0\u1eddng ph\u1ed1 \u0111\u1ea7y ng\u1eabu h\u1ee9ng v\u1edbi chi\u1ebfc \u00e1o thun xanh nh\u1ea1t n\u00e0y. \u0110i\u1ec3m nh\u1ea5n l\u00e0 h\u00ecnh v\u1ebd graffiti m\u00e0u v\u00e0ng r\u1ef1c r\u1ee1, t\u1ef1a nh\u01b0 m\u1ed9t t\u00e1c ph\u1ea9m ngh\u1ec7 thu\u1eadt \u0111\u01b0\u1ee3c ph\u00e1c h\u1ecda ng\u1eabu h\u1ee9ng tr\u00ean n\u1ec1n tr\u1eddi xanh, th\u1ec3 hi\u1ec7n s\u1ef1 t\u1ef1 do v\u00e0 c\u00e1 t\u00ednh kh\u00f4ng gi\u1edbi h\u1ea1n. V\u1edbi d\u00f2ng ch\u1eef \"DULIO\" kh\u1eb3ng \u0111\u1ecbnh th\u01b0\u01a1ng hi\u1ec7u, chi\u1ebfc \u00e1o n\u00e0y kh\u00f4ng ch\u1ec9 l\u00e0 m\u1ed9t item th\u1eddi trang m\u00e0 c\u00f2n l\u00e0 l\u1eddi tuy\u00ean ng\u00f4n v\u1ec1 tinh th\u1ea7n tr\u1ebb trung, n\u0103ng \u0111\u1ed9ng v\u00e0 d\u00e1m kh\u00e1c bi\u1ec7t. \u2022 100% Cotton \u2022 Relaxed\/Loose Fit \u2022 T\u00ean th\u01b0\u01a1ng hi\u1ec7u thi\u1ebft k\u1ebf \u0111i\u1ec7u \u0111\u00e0 \u2022 Hi\u1ec7u \u1ee9ng n\u1ed5i","og_url":"https:\/\/dulio.vn\/?product=sample-product-005","og_site_name":"DULIO - Made Yours","article_modified_time":"2025-08-07T08:06:13+00:00","og_image":[{"width":2000,"height":1595,"url":"https:\/\/dulio.vn\/wp-content\/uploads\/2025\/08\/dulioking-front-lightblue.png","type":"image\/png"}],"twitter_card":"summary_large_image","twitter_misc":{"Est. reading time":"1 minute"},"schema":{"@context":"https:\/\/schema.org","@graph":[{"@type":"WebPage","@id":"https:\/\/dulio.vn\/?product=sample-product-005","url":"https:\/\/dulio.vn\/?product=sample-product-005","name":"\u00c1O FLOW - DULIO - Made Yours","isPartOf":{"@id":"https:\/\/dulio.vn\/#website"},"primaryImageOfPage":{"@id":"https:\/\/dulio.vn\/?product=sample-product-005#primaryimage"},"image":{"@id":"https:\/\/dulio.vn\/?product=sample-product-005#primaryimage"},"thumbnailUrl":"https:\/\/dulio.vn\/wp-content\/uploads\/2025\/08\/dulioking-front-lightblue.png","datePublished":"2020-12-02T09:26:41+00:00","dateModified":"2025-08-07T08:06:13+00:00","breadcrumb":{"@id":"https:\/\/dulio.vn\/?product=sample-product-005#breadcrumb"},"inLanguage":"en-US","potentialAction":[{"@type":"ReadAction","target":["https:\/\/dulio.vn\/?product=sample-product-005"]}]},{"@type":"ImageObject","inLanguage":"en-US","@id":"https:\/\/dulio.vn\/?product=sample-product-005#primaryimage","url":"https:\/\/dulio.vn\/wp-content\/uploads\/2025\/08\/dulioking-front-lightblue.png","contentUrl":"https:\/\/dulio.vn\/wp-content\/uploads\/2025\/08\/dulioking-front-lightblue.png","width":2000,"height":1595},{"@type":"BreadcrumbList","@id":"https:\/\/dulio.vn\/?product=sample-product-005#breadcrumb","itemListElement":[{"@type":"ListItem","position":1,"name":"Home","item":"https:\/\/dulio.vn\/"},{"@type":"ListItem","position":2,"name":"Shop","item":"https:\/\/dulio.vn\/?page_id=8"},{"@type":"ListItem","position":3,"name":"\u00c1O FLOW"}]},{"@type":"WebSite","@id":"https:\/\/dulio.vn\/#website","url":"https:\/\/dulio.vn\/","name":"DULIO - Made Yours","description":"Dulio, dulio, DULIO","publisher":{"@id":"https:\/\/dulio.vn\/#organization"},"potentialAction":[{"@type":"SearchAction","target":{"@type":"EntryPoint","urlTemplate":"https:\/\/dulio.vn\/?s={search_term_string}"},"query-input":{"@type":"PropertyValueSpecification","valueRequired":true,"valueName":"search_term_string"}}],"inLanguage":"en-US"},{"@type":"Organization","@id":"https:\/\/dulio.vn\/#organization","name":"DULIO - Made Yours","url":"https:\/\/dulio.vn\/","logo":{"@type":"ImageObject","inLanguage":"en-US","@id":"https:\/\/dulio.vn\/#\/schema\/logo\/image\/","url":"https:\/\/dulio.vn\/wp-content\/uploads\/2025\/08\/cropped-okok.png","contentUrl":"https:\/\/dulio.vn\/wp-content\/uploads\/2025\/08\/cropped-okok.png","width":1844,"height":460,"caption":"DULIO - Made Yours"},"image":{"@id":"https:\/\/dulio.vn\/#\/schema\/logo\/image\/"}}]}},"_links":{"self":[{"href":"https:\/\/dulio.vn\/index.php?rest_route=\/wp\/v2\/product\/308","targetHints":{"allow":["GET"]}}],"collection":[{"href":"https:\/\/dulio.vn\/index.php?rest_route=\/wp\/v2\/product"}],"about":[{"href":"https:\/\/dulio.vn\/index.php?rest_route=\/wp\/v2\/types\/product"}],"replies":[{"embeddable":true,"href":"https:\/\/dulio.vn\/index.php?rest_route=%2Fwp%2Fv2%2Fcomments&post=308"}],"wp:featuredmedia":[{"embeddable":true,"href":"https:\/\/dulio.vn\/index.php?rest_route=\/wp\/v2\/media\/393"}],"wp:attachment":[{"href":"https:\/\/dulio.vn\/index.php?rest_route=%2Fwp%2Fv2%2Fmedia&parent=308"}],"wp:term":[{"taxonomy":"product_brand","embeddable":true,"href":"https:\/\/dulio.vn\/index.php?rest_route=%2Fwp%2Fv2%2Fproduct_brand&post=308"},{"taxonomy":"product_cat","embeddable":true,"href":"https:\/\/dulio.vn\/index.php?rest_route=%2Fwp%2Fv2%2Fproduct_cat&post=308"},{"taxonomy":"product_tag","embeddable":true,"href":"https:\/\/dulio.vn\/index.php?rest_route=%2Fwp%2Fv2%2Fproduct_tag&post=308"}],"curies":[{"name":"wp","href":"https:\/\/api.w.org\/{rel}","templated":true}]}}