{"id":316,"date":"2020-12-02T09:56:09","date_gmt":"2020-12-02T09:56:09","guid":{"rendered":"https:\/\/www.cssigniter.com\/demos\/amaryllis\/?post_type=product&#038;p=61"},"modified":"2025-08-07T08:31:09","modified_gmt":"2025-08-07T08:31:09","slug":"316","status":"publish","type":"product","link":"https:\/\/dulio.vn\/?product=316","title":{"rendered":"\u00c1O EMBRACE"},"content":{"rendered":"","protected":false},"excerpt":{"rendered":"<h4>Chi\u1ebfc \u00e1o b\u00ean tr\u00e1i c\u00f3 n\u1ec1n \u0111en, m\u1eb7t sau in ch\u1eef &#8220;Embrace Change&#8221; v\u1edbi phong c\u00e1ch ngh\u1ec7 thu\u1eadt \u1ea5n t\u01b0\u1ee3ng c\u00f9ng d\u00f2ng ch\u1eef &#8220;DULIO COLLECTION&#8221; ph\u00eda d\u01b0\u1edbi, th\u1ec3 hi\u1ec7n th\u00f4ng \u0111i\u1ec7p t\u00edch c\u1ef1c v\u1ec1 s\u1ef1 thay \u0111\u1ed5i. Chi\u1ebfc \u00e1o b\u00ean ph\u1ea3i c\u0169ng c\u00f3 n\u1ec1n \u0111en, m\u1eb7t tr\u01b0\u1edbc in logo &#8220;D L&#8221; m\u00e0u h\u1ed3ng trong m\u1ed9t h\u00ecnh vu\u00f4ng, mang l\u1ea1i v\u1ebb hi\u1ec7n \u0111\u1ea1i v\u00e0 tinh t\u1ebf. C\u1ea3 hai \u00e1o \u0111\u1ec1u c\u00f3 ki\u1ec3u d\u00e1ng r\u1ed9ng r\u00e3i, ph\u00f9 h\u1ee3p cho nhi\u1ec1u d\u1ecbp kh\u00e1c nhau v\u00e0 th\u1ec3 hi\u1ec7n phong c\u00e1ch tr\u1ebb trung.<\/h4>\n<h4>\u2022 100% Cotton<br \/>\n\u2022 Relaxed\/Loose Fit<br \/>\n\u2022 H\u1ecda ti\u1ebft sau l\u01b0ng \u00e1o<\/h4>\n","protected":false},"featured_media":478,"comment_status":"open","ping_status":"closed","template":"","meta":{"inline_featured_image":false},"product_brand":[],"product_cat":[32,20,33],"product_tag":[],"class_list":{"0":"post-316","1":"product","2":"type-product","3":"status-publish","4":"has-post-thumbnail","6":"product_cat-ao-graphic","7":"product_cat-shop-all","8":"product_cat-tops","10":"first","11":"instock","12":"shipping-taxable","13":"purchasable","14":"product-type-variable"},"yoast_head":"<!-- This site is optimized with the Yoast SEO plugin v25.6 - https:\/\/yoast.com\/wordpress\/plugins\/seo\/ -->\n<title>\u00c1O EMBRACE - DULIO - Made Yours<\/title>\n<meta name=\"robots\" content=\"index, follow, max-snippet:-1, max-image-preview:large, max-video-preview:-1\" \/>\n<link rel=\"canonical\" href=\"https:\/\/dulio.vn\/?product=316\" \/>\n<meta property=\"og:locale\" content=\"en_US\" \/>\n<meta property=\"og:type\" content=\"article\" \/>\n<meta property=\"og:title\" content=\"\u00c1O EMBRACE - DULIO - Made Yours\" \/>\n<meta property=\"og:description\" content=\"Chi\u1ebfc \u00e1o b\u00ean tr\u00e1i c\u00f3 n\u1ec1n \u0111en, m\u1eb7t sau in ch\u1eef &quot;Embrace Change&quot; v\u1edbi phong c\u00e1ch ngh\u1ec7 thu\u1eadt \u1ea5n t\u01b0\u1ee3ng c\u00f9ng d\u00f2ng ch\u1eef &quot;DULIO COLLECTION&quot; ph\u00eda d\u01b0\u1edbi, th\u1ec3 hi\u1ec7n th\u00f4ng \u0111i\u1ec7p t\u00edch c\u1ef1c v\u1ec1 s\u1ef1 thay \u0111\u1ed5i. Chi\u1ebfc \u00e1o b\u00ean ph\u1ea3i c\u0169ng c\u00f3 n\u1ec1n \u0111en, m\u1eb7t tr\u01b0\u1edbc in logo &quot;D L&quot; m\u00e0u h\u1ed3ng trong m\u1ed9t h\u00ecnh vu\u00f4ng, mang l\u1ea1i v\u1ebb hi\u1ec7n \u0111\u1ea1i v\u00e0 tinh t\u1ebf. C\u1ea3 hai \u00e1o \u0111\u1ec1u c\u00f3 ki\u1ec3u d\u00e1ng r\u1ed9ng r\u00e3i, ph\u00f9 h\u1ee3p cho nhi\u1ec1u d\u1ecbp kh\u00e1c nhau v\u00e0 th\u1ec3 hi\u1ec7n phong c\u00e1ch tr\u1ebb trung. \u2022 100% Cotton \u2022 Relaxed\/Loose Fit \u2022 H\u1ecda ti\u1ebft sau l\u01b0ng \u00e1o\" \/>\n<meta property=\"og:url\" content=\"https:\/\/dulio.vn\/?product=316\" \/>\n<meta property=\"og:site_name\" content=\"DULIO - Made Yours\" \/>\n<meta property=\"article:modified_time\" content=\"2025-08-07T08:31:09+00:00\" \/>\n<meta property=\"og:image\" content=\"https:\/\/dulio.vn\/wp-content\/uploads\/2025\/08\/embrace-back-black.png\" \/>\n\t<meta property=\"og:image:width\" content=\"2000\" \/>\n\t<meta property=\"og:image:height\" content=\"1596\" \/>\n\t<meta property=\"og:image:type\" content=\"image\/png\" \/>\n<meta name=\"twitter:card\" content=\"summary_large_image\" \/>\n<meta name=\"twitter:label1\" content=\"Est. reading time\" \/>\n\t<meta name=\"twitter:data1\" content=\"1 minute\" \/>\n<script type=\"application\/ld+json\" class=\"yoast-schema-graph\">{\"@context\":\"https:\/\/schema.org\",\"@graph\":[{\"@type\":\"WebPage\",\"@id\":\"https:\/\/dulio.vn\/?product=316\",\"url\":\"https:\/\/dulio.vn\/?product=316\",\"name\":\"\u00c1O EMBRACE - DULIO - Made Yours\",\"isPartOf\":{\"@id\":\"https:\/\/dulio.vn\/#website\"},\"primaryImageOfPage\":{\"@id\":\"https:\/\/dulio.vn\/?product=316#primaryimage\"},\"image\":{\"@id\":\"https:\/\/dulio.vn\/?product=316#primaryimage\"},\"thumbnailUrl\":\"https:\/\/dulio.vn\/wp-content\/uploads\/2025\/08\/embrace-back-black.png\",\"datePublished\":\"2020-12-02T09:56:09+00:00\",\"dateModified\":\"2025-08-07T08:31:09+00:00\",\"breadcrumb\":{\"@id\":\"https:\/\/dulio.vn\/?product=316#breadcrumb\"},\"inLanguage\":\"en-US\",\"potentialAction\":[{\"@type\":\"ReadAction\",\"target\":[\"https:\/\/dulio.vn\/?product=316\"]}]},{\"@type\":\"ImageObject\",\"inLanguage\":\"en-US\",\"@id\":\"https:\/\/dulio.vn\/?product=316#primaryimage\",\"url\":\"https:\/\/dulio.vn\/wp-content\/uploads\/2025\/08\/embrace-back-black.png\",\"contentUrl\":\"https:\/\/dulio.vn\/wp-content\/uploads\/2025\/08\/embrace-back-black.png\",\"width\":2000,\"height\":1596},{\"@type\":\"BreadcrumbList\",\"@id\":\"https:\/\/dulio.vn\/?product=316#breadcrumb\",\"itemListElement\":[{\"@type\":\"ListItem\",\"position\":1,\"name\":\"Home\",\"item\":\"https:\/\/dulio.vn\/\"},{\"@type\":\"ListItem\",\"position\":2,\"name\":\"Shop\",\"item\":\"https:\/\/dulio.vn\/?page_id=8\"},{\"@type\":\"ListItem\",\"position\":3,\"name\":\"\u00c1O EMBRACE\"}]},{\"@type\":\"WebSite\",\"@id\":\"https:\/\/dulio.vn\/#website\",\"url\":\"https:\/\/dulio.vn\/\",\"name\":\"DULIO - Made Yours\",\"description\":\"Dulio, dulio, DULIO\",\"publisher\":{\"@id\":\"https:\/\/dulio.vn\/#organization\"},\"potentialAction\":[{\"@type\":\"SearchAction\",\"target\":{\"@type\":\"EntryPoint\",\"urlTemplate\":\"https:\/\/dulio.vn\/?s={search_term_string}\"},\"query-input\":{\"@type\":\"PropertyValueSpecification\",\"valueRequired\":true,\"valueName\":\"search_term_string\"}}],\"inLanguage\":\"en-US\"},{\"@type\":\"Organization\",\"@id\":\"https:\/\/dulio.vn\/#organization\",\"name\":\"DULIO - Made Yours\",\"url\":\"https:\/\/dulio.vn\/\",\"logo\":{\"@type\":\"ImageObject\",\"inLanguage\":\"en-US\",\"@id\":\"https:\/\/dulio.vn\/#\/schema\/logo\/image\/\",\"url\":\"https:\/\/dulio.vn\/wp-content\/uploads\/2025\/08\/cropped-okok.png\",\"contentUrl\":\"https:\/\/dulio.vn\/wp-content\/uploads\/2025\/08\/cropped-okok.png\",\"width\":1844,\"height\":460,\"caption\":\"DULIO - Made Yours\"},\"image\":{\"@id\":\"https:\/\/dulio.vn\/#\/schema\/logo\/image\/\"}}]}<\/script>\n<!-- \/ Yoast SEO plugin. -->","yoast_head_json":{"title":"\u00c1O EMBRACE - DULIO - Made Yours","robots":{"index":"index","follow":"follow","max-snippet":"max-snippet:-1","max-image-preview":"max-image-preview:large","max-video-preview":"max-video-preview:-1"},"canonical":"https:\/\/dulio.vn\/?product=316","og_locale":"en_US","og_type":"article","og_title":"\u00c1O EMBRACE - DULIO - Made Yours","og_description":"Chi\u1ebfc \u00e1o b\u00ean tr\u00e1i c\u00f3 n\u1ec1n \u0111en, m\u1eb7t sau in ch\u1eef \"Embrace Change\" v\u1edbi phong c\u00e1ch ngh\u1ec7 thu\u1eadt \u1ea5n t\u01b0\u1ee3ng c\u00f9ng d\u00f2ng ch\u1eef \"DULIO COLLECTION\" ph\u00eda d\u01b0\u1edbi, th\u1ec3 hi\u1ec7n th\u00f4ng \u0111i\u1ec7p t\u00edch c\u1ef1c v\u1ec1 s\u1ef1 thay \u0111\u1ed5i. Chi\u1ebfc \u00e1o b\u00ean ph\u1ea3i c\u0169ng c\u00f3 n\u1ec1n \u0111en, m\u1eb7t tr\u01b0\u1edbc in logo \"D L\" m\u00e0u h\u1ed3ng trong m\u1ed9t h\u00ecnh vu\u00f4ng, mang l\u1ea1i v\u1ebb hi\u1ec7n \u0111\u1ea1i v\u00e0 tinh t\u1ebf. C\u1ea3 hai \u00e1o \u0111\u1ec1u c\u00f3 ki\u1ec3u d\u00e1ng r\u1ed9ng r\u00e3i, ph\u00f9 h\u1ee3p cho nhi\u1ec1u d\u1ecbp kh\u00e1c nhau v\u00e0 th\u1ec3 hi\u1ec7n phong c\u00e1ch tr\u1ebb trung. \u2022 100% Cotton \u2022 Relaxed\/Loose Fit \u2022 H\u1ecda ti\u1ebft sau l\u01b0ng \u00e1o","og_url":"https:\/\/dulio.vn\/?product=316","og_site_name":"DULIO - Made Yours","article_modified_time":"2025-08-07T08:31:09+00:00","og_image":[{"width":2000,"height":1596,"url":"https:\/\/dulio.vn\/wp-content\/uploads\/2025\/08\/embrace-back-black.png","type":"image\/png"}],"twitter_card":"summary_large_image","twitter_misc":{"Est. reading time":"1 minute"},"schema":{"@context":"https:\/\/schema.org","@graph":[{"@type":"WebPage","@id":"https:\/\/dulio.vn\/?product=316","url":"https:\/\/dulio.vn\/?product=316","name":"\u00c1O EMBRACE - DULIO - Made Yours","isPartOf":{"@id":"https:\/\/dulio.vn\/#website"},"primaryImageOfPage":{"@id":"https:\/\/dulio.vn\/?product=316#primaryimage"},"image":{"@id":"https:\/\/dulio.vn\/?product=316#primaryimage"},"thumbnailUrl":"https:\/\/dulio.vn\/wp-content\/uploads\/2025\/08\/embrace-back-black.png","datePublished":"2020-12-02T09:56:09+00:00","dateModified":"2025-08-07T08:31:09+00:00","breadcrumb":{"@id":"https:\/\/dulio.vn\/?product=316#breadcrumb"},"inLanguage":"en-US","potentialAction":[{"@type":"ReadAction","target":["https:\/\/dulio.vn\/?product=316"]}]},{"@type":"ImageObject","inLanguage":"en-US","@id":"https:\/\/dulio.vn\/?product=316#primaryimage","url":"https:\/\/dulio.vn\/wp-content\/uploads\/2025\/08\/embrace-back-black.png","contentUrl":"https:\/\/dulio.vn\/wp-content\/uploads\/2025\/08\/embrace-back-black.png","width":2000,"height":1596},{"@type":"BreadcrumbList","@id":"https:\/\/dulio.vn\/?product=316#breadcrumb","itemListElement":[{"@type":"ListItem","position":1,"name":"Home","item":"https:\/\/dulio.vn\/"},{"@type":"ListItem","position":2,"name":"Shop","item":"https:\/\/dulio.vn\/?page_id=8"},{"@type":"ListItem","position":3,"name":"\u00c1O EMBRACE"}]},{"@type":"WebSite","@id":"https:\/\/dulio.vn\/#website","url":"https:\/\/dulio.vn\/","name":"DULIO - Made Yours","description":"Dulio, dulio, DULIO","publisher":{"@id":"https:\/\/dulio.vn\/#organization"},"potentialAction":[{"@type":"SearchAction","target":{"@type":"EntryPoint","urlTemplate":"https:\/\/dulio.vn\/?s={search_term_string}"},"query-input":{"@type":"PropertyValueSpecification","valueRequired":true,"valueName":"search_term_string"}}],"inLanguage":"en-US"},{"@type":"Organization","@id":"https:\/\/dulio.vn\/#organization","name":"DULIO - Made Yours","url":"https:\/\/dulio.vn\/","logo":{"@type":"ImageObject","inLanguage":"en-US","@id":"https:\/\/dulio.vn\/#\/schema\/logo\/image\/","url":"https:\/\/dulio.vn\/wp-content\/uploads\/2025\/08\/cropped-okok.png","contentUrl":"https:\/\/dulio.vn\/wp-content\/uploads\/2025\/08\/cropped-okok.png","width":1844,"height":460,"caption":"DULIO - Made Yours"},"image":{"@id":"https:\/\/dulio.vn\/#\/schema\/logo\/image\/"}}]}},"_links":{"self":[{"href":"https:\/\/dulio.vn\/index.php?rest_route=\/wp\/v2\/product\/316","targetHints":{"allow":["GET"]}}],"collection":[{"href":"https:\/\/dulio.vn\/index.php?rest_route=\/wp\/v2\/product"}],"about":[{"href":"https:\/\/dulio.vn\/index.php?rest_route=\/wp\/v2\/types\/product"}],"replies":[{"embeddable":true,"href":"https:\/\/dulio.vn\/index.php?rest_route=%2Fwp%2Fv2%2Fcomments&post=316"}],"wp:featuredmedia":[{"embeddable":true,"href":"https:\/\/dulio.vn\/index.php?rest_route=\/wp\/v2\/media\/478"}],"wp:attachment":[{"href":"https:\/\/dulio.vn\/index.php?rest_route=%2Fwp%2Fv2%2Fmedia&parent=316"}],"wp:term":[{"taxonomy":"product_brand","embeddable":true,"href":"https:\/\/dulio.vn\/index.php?rest_route=%2Fwp%2Fv2%2Fproduct_brand&post=316"},{"taxonomy":"product_cat","embeddable":true,"href":"https:\/\/dulio.vn\/index.php?rest_route=%2Fwp%2Fv2%2Fproduct_cat&post=316"},{"taxonomy":"product_tag","embeddable":true,"href":"https:\/\/dulio.vn\/index.php?rest_route=%2Fwp%2Fv2%2Fproduct_tag&post=316"}],"curies":[{"name":"wp","href":"https:\/\/api.w.org\/{rel}","templated":true}]}}